ded by r?
10
Suppose -29 = 3*u + 3*t + 25, 2 = -2*t. Let o = 81 - 56. Let n = u + o. What is the remainder when 14 is divided by n?
6
Let p = -20 - -23. Suppose 0 = 2*n + 5*s - 4, -p*n + 37 = 2*n - s. Calculate the remainder when 8 is divided by n.
1
Suppose 4*p - 4*o - 8 + 0 = 0, -4*o = 8. Suppose p = -b + 11 + 14. Suppose h - 27 = -2*h. What is the remainder when b is divided by h?
7
Let d = -12 + 26. Suppose l - 2*n - 90 = 0, -n - 9 = -5. What is the remainder when l is divided by d?
12
What is the remainder when -4 + 0/(-8) + 391 is divided by 65?
62
Let s = -21 + 23. Suppose 4*w = -4*p + 184, 0 = s*p - 4*w + 2*w - 80. Let x(c) = c**3 + 7*c**2 - 4*c - 5. What is the remainder when p is divided by x(-7)?
20
Let n(i) = -10*i - 9. Suppose -3*l = a + 29, 3*l + 115 = -5*a - 6. What is the remainder when n(a) is divided by 37?
36
Suppose -46 = -5*z + 9. Let m be (-2 + 10)/((-2)/(-13)). Suppose -2*g = -m - 10. What is the remainder when g is divided by z?
9
Let s = -1141 - -1151. What is the remainder when 108 is divided by s?
8
Let w(s) = -s + 23. Let d = -13 - 8. Let c = d + 34. Calculate the remainder when w(0) is divided by c.
10
Let j = -334 - -644. Let f = j + -161. Calculate the remainder when f is divided by 38.
35
What is the remainder when -7 + 4 + -6 + 33 is divided by 7?
3
Let m(s) = 4*s**2 - 1. Let o be m(-1). Suppose 5*n = -0*n. Suppose -4*f + 48 = -3*c, -f + o*c + n*c = -12. What is the remainder when 47 is divided by f?
11
Suppose -14*l - 451 = -25*l. Calculate the remainder when 163 is divided by l.
40
Let p = 89 - -24. Suppose 0 = -2*z - h + p, 3*h + 93 = 3*z - z. Calculate the remainder when z is divided by 19.
16
Let z = 11 + -8. Suppose 44 = 4*i + z*h, 3*i + 5*h - 55 = -2*i. Let t = -40 - -61. Calculate the remainder when t is divided by i.
10
Let x = 71 + -46. Suppose -7*p + 2*p - x = 0, 105 = 5*r + 3*p. Let b(s) = 90*s - 603. What is the remainder when b(8) is divided by r?
21
Let l(p) be the second derivative of p**4/12 - p**3/3 - 15*p**2/2 - 16*p. What is the remainder when 88 is divided by l(-4)?
7
Suppose -45 = -2*m + 7. What is the remainder when m is divided by 2?
0
Suppose 2*p = -0*p - 5*c - 121, -2*c - 2 = 0. Let g = 94 + p. What is the remainder when g is divided by 8?
4
Let z(x) = 5*x**2 + 2*x - 2. Let y = -327 + 410. Calculate the remainder when y is divided by z(2).
17
Let j be (1 - -2)/(21/(-70)). Let a be (-6)/j + (-22)/(-5). Let q(i) = 14*i - 6. What is the remainder when q(a) is divided by 22?
20
Let c(s) = -18*s + 10. Let q be c(-13). Let n be q/16 + (-3)/(-4). What is the remainder when 93 is divided by (-1)/(-4) + 300/n?
17
Let m = -195 - -212. Calculate the remainder when 49 is divided by m.
15
Suppose -3*c + 36 = 5*y, -18*c + 2*y + 40 = -16*c. What is the remainder when 1138 is divided by c?
16
Let k(n) = -2*n**2 - 30*n - 54. What is the remainder when 228 is divided by k(-10)?
44
Let z(i) = -i. Let b(x) = -7*x**2 + 6*x + 12. Let a(k) = -b(k) - 2*z(k). Calculate the remainder when a(-3) is divided by 16.
15
Let o(p) = 22*p - 43. Calculate the remainder when 65 is divided by o(3).
19
Suppose -45*j - 72 = -57*j. What is the remainder when 19 is divided by j?
1
Let s(x) = 3*x**2 + 34*x - 22. Calculate the remainder when 364 is divided by s(-12).
0
Let i = -28 + 53. Let d(z) = z**3 - 10*z**2 - 2*z - 1. Let k be d(7). What is the remainder when i is divided by 36/k + (-83)/(-9)?
7
Let l(x) be the second derivative of -7*x**5/20 + x**4/3 + x**3/3 - x**2/2 + 3*x. Suppose 340 = 41*j - 21*j. What is the remainder when l(-2) is divided by j?
16
Let q(y) = -4*y - 1. Let g = 472 - 461. Calculate the remainder when g is divided by q(-2).
4
Suppose 120 = 4*s + 2*i, s - 11 = -3*i + 29. Calculate the remainder when (-6 + 5)/((12/243)/(-4)) is divided by s.
25
Let o(j) = -10*j - 8. Calculate the remainder when 83 is divided by o(-3).
17
Let o(p) = -7*p - 10. Let a(m) = 3*m + 11 - 2 - 4. Let j(u) = -9*a(u) - 4*o(u). Calculate the remainder when 17 is divided by j(10).
2
Calculate the remainder when 34 is divided by 1/(0 - ((-8)/7 - -1)).
6
Let c be (-48)/30*(-10)/4. Suppose 0 = -4*g + c*j, -2*g + 2*j + 25 = -5*g. Let a = g + 29. What is the remainder when a is divided by 7?
3
Let z = -920 + 925. What is the remainder when 45 is divided by z?
0
Suppose 0 = 9*c - c + 10*c - 1044. Let o = 20 - 5. What is the remainder when c is divided by o?
13
Let h = -45 - -16. Let x = h - -68. What is the remainder when x is divided by 10?
9
Calculate the remainder when (152/16 + -8)/(3/116) is divided by 2.
0
Suppose -5062 = -60*i + 14498. Calculate the remainder when i is divided by 15.
11
Suppose 2*r + 15 + 0 = -3*p, -2*p = 4*r + 10. Suppose 3*n + 129 = f, 4*n + r*n - 164 = -f. Calculate the remainder when f is divided by 49.
46
Calculate the remainder when 567 is divided by (10/(-2))/((-50)/380).
35
Let c(m) = m + 4. Suppose -133 - 397 = -5*l. Let p = l + -86. Calculate the remainder when p is divided by c(7).
9
Let o(y) = y + 167. Calculate the remainder when o(11) is divided by 45.
43
Suppose w - 5 = -29*s + 25*s, s = -4*w + 65. What is the remainder when 322 is divided by w?
16
Suppose s + 12 = -21. Let h = -23 - s. What is the remainder when 17 is divided by h?
7
Suppose 2*o + 39 = 273. Suppose -o = -5*a + 2*s, 0 = 5*a - 3*s + 2*s - 121. What is the remainder when a is divided by 13?
12
Suppose l + i - 32 = 0, -153 = -48*l + 44*l + i. Calculate the remainder when l is divided by 27.
10
Calculate the remainder when 266 + (6 + -1)/(-65 + 64) is divided by 33.
30
Calculate the remainder when 350 is divided by (-210)/9*(-3876)/266.
10
Let h = 52 + -59. Calculate the remainder when 46 is divided by h/(70/(-144)) + (-6)/15.
4
Let j be (-4)/(-6) + (-23)/3. Let b = -362 - -375. Calculate the remainder when (-2)/(-7) + (-257)/j is divided by b.
11
Let l be 6/5*10/(-3). Let r = 6 - -3. What is the remainder when 64/l*1/(-1) is divided by r?
7
Let a = -1441 - -1492. Calculate the remainder when a is divided by 22.
7
Let n(g) be the first derivative of g**4/4 - 11*g**3/3 + 5*g**2 + 7*g + 14. What is the remainder when 13 is divided by n(10)?
6
What is the remainder when 17271/399 + 4/(-14) is divided by (-16 - (-1 + 2))*-1?
9
Suppose -4*l + 68 = -2*l. What is the remainder when 804/(-3)*((-63)/18)/7 is divided by l?
32
Suppose 2*x - 3*h + 106 = 286, 0 = 4*x - 5*h - 358. What is the remainder when x is divided by ((-8)/10)/((-4)/150)?
27
Suppose 27*b = 23*b + 64. What is the remainder when b is divided by 7?
2
Let i(x) = 0*x - x - 4*x**2 + x**3 + 4*x + 11 - 4. What is the remainder when 27 is divided by i(3)?
6
Let j be 6/(-15) + (-54)/15. Let d = j + 4. Suppose d*v + 51 = 4*g - v, -g = -4*v - 24. What is the remainder when g is divided by 5?
2
Let d(y) = y**2 - 8*y + 11. Suppose -5*a + 26 = -24. What is the remainder when 91 is divided by d(a)?
29
Let x(i) = 2*i - 8. Let j(v) = -v**2 + 8*v - 10. Let d be j(5). Let g be x(d). What is the remainder when 4 is divided by (6 - 3) + 0/g?
1
What is the remainder when 137 is divided by 6 - (9 + 121)/(-10)?
4
Let o(i) = 2*i**2 - 28*i - 33. What is the remainder when 49 is divided by o(16)?
18
Suppose 4*h + 86 = 2*r, 0 = 2*h - 2*r - 0 + 42. Let x = h - -119. What is the remainder when x is divided by 25?
22
Let v(u) = 7*u**3 - 5*u**2 + 3*u - 8. Let k(q) = -8*q**3 + 5*q**2 - 4*q + 9. Let y(a) = -6*k(a) - 7*v(a). Calculate the remainder when 32 is divided by y(5).
15
Suppose -8*z - 136 = -4*z. Let r = z - -63. Calculate the remainder when r is divided by 16.
13
Suppose -2*c + 12 = -4*v, -2*c - 5 = 2*v + 1. Suppose -5 = -4*s + 3. Suppose -2*k - s + 82 = c. Calculate the remainder when k is divided by 21.
19
Calculate the remainder when 355 is divided by 1594/18 + 28/63.
88
Suppose -5*v - 28 = -2*h + 1152, 5*v + 2370 = 4*h. Calculate the remainder when h is divided by 60.
55
Let x(c) = -c**2 - 57*c - 121. Calculate the remainder when x(-50) is divided by 14.
5
Suppose -3*l = -0*l - d - 191, -144 = -2*l + 4*d. Suppose -5*a = -l + 37. Calculate the remainder when (-21*1)/(3/(-2)) is divided by a.
4
Suppose 5*s + 77 = g + g, 4*g = -s + 121. Calculate the remainder when g is divided by -1 - (1/(-2))/(2/48).
9
Let t(c) = -c**3 - 3*c**2 + 3*c + 4. Let v(h) = -3*h + 52. What is the remainder when v(5) is di